ate k(o).
-4
Let g(t) = -2*t. Let b be (-7)/(-1) - -5 - 4. Let k(w) = w. Let z(m) = b*k(m) + 3*g(m). Give z(8).
16
Suppose -8 = -4*u, 33 = 5*z - 5*u + 8. Let k(q) = -3*q + z*q**2 + 0*q**2 + 3 - 4 + 4*q. Let n(f) = f - 3. Let i be n(4). Determine k(i).
7
Let h(d) = 16*d**3 - 51*d**2 - d - 75. Let k(i) = 3*i**3 - 10*i**2 - 15. Let b(a) = -2*h(a) + 11*k(a). What is b(8)?
1
Let n(y) = -y**3 + 6*y**2 - 4*y + 3. Let g(v) = -3*v**2 - 10*v + 21. Let t(h) = -h**2 - 5*h + 10. Let k(l) = -2*g(l) + 5*t(l). Let s be k(3). Calculate n(s).
11
Let w be 1/(-1) + -3 + 0. Let y be -1*(3 + -2)/(-1). Let q(v) = 3*v**2 - 4*v + 2. Let g(a) = a**2. Let n(i) = y*q(i) - 4*g(i). Determine n(w).
2
Let r = -2748 - -2737. Let q(i) = -i**3 - 12*i**2 - 8*i - 3. Determine q(r).
-36
Let h = 62 - 56. Let r be (2/4)/(h/(-72)). Let m(g) be the third derivative of -g**4/8 - 3*g**3/2 + g**2. Give m(r).
9
Suppose 0 = 4*o - 5*k + 8 - 51, -4*k + 2 = 2*o. Suppose -4*c - 17 = o. Let u(i) = i**2 + 6*i + 8. Determine u(c).
8
Let p(k) = k**3 - 5*k**2 + 2*k - 5. Let j = -10 + 9. Let c be (j/1 - -2)*-10. Let f = 15 + c. Determine p(f).
5
Let r = 112 - 114. Let i(l) = -7*l**2 + 8*l + 7. Let x(o) = o**2 - o - 1. Let v(w) = -i(w) - 6*x(w). Determine v(r).
7
Let n(m) be the third derivative of -m**4/24 + 3*m**3/2 - 6*m**2. Let q(g) = g - 8. Suppose 4 + 1 = c. Let s(k) = c*n(k) + 6*q(k). What is s(4)?
1
Let s(i) be the third derivative of 5*i**4/12 + i**3/6 + 15*i**2 + 1. Let m(r) = r - 16. Let v be m(18). Give s(v).
21
Let j(h) = 38*h + 38*h - 75*h + 6. Calculate j(-5).
1
Let p(n) be the third derivative of n**6/120 - 3*n**5/10 + n**4/24 - 5*n**3/2 + n**2 + 25. Determine p(18).
3
Let i = 33 + -29. Let o(g) = 2 - g + 5*g**2 + 5 - i*g**2. What is o(0)?
7
Let y(u) be the first derivative of u**2 - 3*u - 16. Give y(4).
5
Let x = -73 + 76. Let n(i) = -2*i + 0*i + x*i. What is n(0)?
0
Let o(p) = p**2 - 23*p - 83. Let u(t) = 3*t**2 - t + 2. Let g be u(3). Let q be o(g). Let d(f) = f + 1. Determine d(q).
-4
Let o be -1 + (3 + 2 + -5)*1. Let s(c) = 27*c + 2. Give s(o).
-25
Let p(w) = -3*w - 4. Suppose -8*u = 47 - 23. Determine p(u).
5
Suppose 5*x = x. Suppose 5*c - 15 = -0*b + b, 18 = 2*b + 2*c. Let d(h) = 0*h - b - h**2 + 6 + 7 + h. Give d(x).
8
Suppose 4*i = 2*d - d + 12, -5*i + 26 = -4*d. Let p(x) = 4 - 2*x**2 + x**i + 3*x - x - 3*x. What is p(3)?
-8
Let s(j) = 2*j**3 - 4*j**2 + 3*j - 1. Suppose -7*k + 2*m = -6*k - 8, 3*k = 2*m + 12. Suppose -2*b - 13 = -5*x, -4*x + k*b + 8 = -2*b. Determine s(x).
26
Let m(t) be the third derivative of -t**4/24 - 11*t**3/6 + t**2 + 3*t. Give m(-5).
-6
Let l(k) = k**3 - 7*k**3 + 5*k**2 + 5*k**3 - 2*k - 3 - 7*k**2 + 4*k**2. Give l(-2).
17
Suppose -5*z + 10 - 3 = 4*j, j = -3*z. Let k(w) = 5*w - 2 + 3*w**2 + 3 - 2 - w**j. Give k(4).
3
Let d(b) = -b**2 + 7*b + 4. Suppose -468 = -46*x + 49*x. Let l = x - -163. Give d(l).
4
Let f(u) = -u**2 + u + 2. Let y(t) = 3*t**2 - 9*t + 3. Let l(k) = -2*f(k) - y(k). Give l(7).
-7
Let m(b) = 10*b**3 - 2*b**2 + b - 1. Let a(v) = 9*v**3 - 2*v**2 - 1. Let w(n) = 3*a(n) - 2*m(n). Suppose 36*k = 3*k - 33. Determine w(k).
-8
Let t(i) = 3*i + 2 - 2*i - 2*i + i**3. Suppose -15 + 3 = -4*u. Let b be 5/(-15) - (-1)/u. Give t(b).
2
Let n(i) = 7*i**3 + 5*i**2 - 5*i - 3. Let j(z) = -z**3 - z**2 + z. Let h(v) = 6*j(v) + n(v). Calculate h(0).
-3
Let l(o) = -14*o**3 + 5. Let m(s) = 33*s**3 + s**2 + s - 12. Let y(w) = 7*l(w) + 3*m(w). Calculate y(-2).
-3
Let p(x) = -x**3 - 3*x**2 - x + 1. Let l(g) = g**2 + 9*g + 15. Let c(v) = -8*v**3 + 2*v**2 - v + 1. Let z be c(1). Let f be l(z). Give p(f).
4
Let l(v) = -10*v**3 - v**2 - 4*v + 1. Let i(n) = n**3 + n. Let y(h) = -4*i(h) - l(h). Determine y(-1).
-6
Let i(x) = -x**2 + 5*x + 5. Let y be 0/(-2) - (-6)/1. Let m be i(y). Let k(j) be the first derivative of 7*j**3/3 + j**2/2 + j + 132. Give k(m).
7
Let z be (0/(-22))/(0 + 1). Let p(d) = d**2 - d - 9. Give p(z).
-9
Suppose 3*u - m = 12, 2*m = 3*u - m - 12. Let s(d) = 3*d**2 - 6*d + 4. Calculate s(u).
28
Let s(k) = -k**3 + 2*k + 1. Let t = 9 + -2. Suppose h - 5 = -t. Determine s(h).
5
Let x(n) be the second derivative of -n**5/40 + n**4/6 - 11*n**3/6 - 19*n. Let h(p) be the second derivative of x(p). Give h(-3).
13
Let j(v) = -5*v**2 + v + 24*v**3 - 2 - 23*v**3 + 4*v + 0. Calculate j(4).
2
Let o(h) = -8*h + h + 0*h + 1346 - 1329. Calculate o(2).
3
Suppose 3*u - p = 36, -1 = -p - 4. Let s(x) = x**3 - 11*x**2 + 2*x - 12. Calculate s(u).
10
Let k be (-5)/(-4)*1*4. Let y(a) = 2*a**3 + 3*a**2 + a - 3. Let d(x) = -14*x**3 + 9*x**3 + 6*x**3 - 1 + x**2. Let n(r) = k*d(r) - 2*y(r). Give n(2).
1
Let l(o) = o**2 + o. Let s(f) = -f**3 - 15*f**2 - f + 18. Let q(b) = 2*l(b) + s(b). Let m be q(-13). Let d(x) = 6*x. Determine d(m).
30
Let z be ((-14)/21)/(51/(-45) + 1). Let s(k) = -3*k - 11. Let j(a) = -2*a - 5. Let l(v) = z*j(v) - 3*s(v). Determine l(10).
-2
Let b(s) = 17 - 12 - 1 + 6*s. Suppose -n - a + 3 = 5, a - 16 = 5*n. Calculate b(n).
-14
Suppose 10*q = d + 7*q + 11, 20 = -2*d + 5*q. Let h(z) = -2*z**2 - 11*z + 3. Determine h(d).
8
Let w(t) = -2*t - 1. Suppose -4*c - 16 = 3*s, -2*c - 3*c = 3*s + 20. Suppose 5 = v - s. What is w(v)?
-11
Let f(k) = -k**3 + 6*k**2 - 5*k - 6. Let n = 795 + -789. Determine f(n).
-36
Suppose -q + 1 = -1. Let m(h) = -13*h + 5. Let k(s) = -54*s + 21. Let g(n) = 5*k(n) - 21*m(n). What is g(q)?
6
Let y(h) = 7*h**3. Let f = -274 + 275. Determine y(f).
7
Let f(h) = -3*h + 7. Suppose -4*k = -5*k + 3. Give f(k).
-2
Let u(y) = y**2 + 11*y + 6. Let d be u(-9). Let a = -8 - d. Let i(n) = n**3 + 2*n + a*n**2 - n**2 + 2 + n**3 - n**3. Calculate i(-3).
-4
Let c(x) = x - 20. Let v be c(9). Let q be 2/v + (-39)/(-33). Let d(b) = 5*b - q + 2*b**2 + 2*b + 0*b**2 - 2*b. Calculate d(-4).
11
Suppose -23*k - 31 + 146 = 0. Let g(q) = -q**3 + 4*q**2 + 3*q - 6. Give g(k).
-16
Let s(o) = o**3 - 16*o**2 + o - 10. Let z be 4/((-9)/(-324)*9). Determine s(z).
6
Suppose 270*l + 5 = 271*l. Let x(v) = 2*v - 10. What is x(l)?
0
Let q(m) = m**2 - 7*m + 4. Let s(c) be the second derivative of -c**3/6 + 13*c**2 - 20*c. Let b be s(19). Give q(b).
4
Let f(c) = 2*c**2 - 3*c + 5. Let g be 0 - 1 - (-1 + -4 - 0). What is f(g)?
25
Let r(u) be the second derivative of u**4/6 + 8*u**3/3 - 9*u**2 + 798*u. Give r(-9).
0
Let q(u) be the second derivative of u**5/20 + 7*u**4/12 + 5*u**3/6 + 5*u**2/2 - 322*u. Let p be 12/14*7/(-1). Determine q(p).
11
Suppose -10 = 3*m + 8. Let z(l) = -7*l - 10. Let d(f) = 8*f + 11. Let o(j) = m*d(j) - 7*z(j). Give o(-8).
-4
Let j(u) = 12 - 32*u**2 - 4*u + 2*u**2 + u + 38*u**2 - 5*u + u**3. Let b(w) = -w**3 - w**2 + 3*w - 3. Let c be b(2). Give j(c).
3
Let m(p) be the first derivative of -p**3 - 3*p**2/2 - p - 14. Suppose -2*x - 14 = 5*d, d - 5*x + 3*x = 2. Calculate m(d).
-7
Let r(d) be the third derivative of -d**4/24 + d**3/6 + 2*d**2 + 160*d. Calculate r(3).
-2
Let k(u) = -4 + 5 + 4*u**2 - 2*u**2 - 5*u**2. Let b be k(1). Let m(n) = n**3 - 4*n - 3*n**2 + 3*n**2 - n**2 - 3. Calculate m(b).
-7
Let v(b) = -b**3 + 4*b**2 + 2*b - 6. Suppose 2*j - w = 9, 8*w - 10*w - 22 = -5*j. What is v(j)?
2
Let o(x) = -2*x + 4*x**2 + 3*x**2 + 1 - 4*x**2. Let p = 488 + -487. Give o(p).
2
Let i = -2 + 32. Let u = i + 8. Let g(w) = -3 + 39*w**2 - u*w**2 + w + 3. Give g(-1).
0
Let q(u) = -u**3 - 10*u**2 - 7*u + 6. Let v(l) = -6*l**3 - 51*l**2 - 34*l + 30. Let x(a) = -11*q(a) + 2*v(a). What is x(9)?
-6
Suppose 6 = 3*z - 6. Let k(g) = -g**3 - g**2 - 2*g - 3. Let l(w) = w**3 + 3*w + 2. Let r(a) = z*l(a) + 5*k(a). Determine r(-6).
17
Suppose 0 = 2*q + 3 - 11. Let m(c) = -c**3 - 6*c**2 - 2*c + 15. Let k be m(-5). Suppose 0 = -q*s - k*s. Let p(w) = -w**2 - w - 9. Determine p(s).
-9
Let c be (12/(-2) - 0)/(-2). Let y(t) be the second derivative of -t**4/6 + t**3/3 + 2*t**2 - 107*t. Determine y(c).
-8
Let a(s) = -6*s**2 - 19*s + 14. Let l(t) = -5*t**2 - 17*t + 13. Let x(v) = -6*a(v) + 7*l(v). Calculate x(3).
1
Let p be (-46)/(-8) - 2/(-8). Suppose 3*h - p*h = 15. Let u(k) be the third derivative of k**6/120 + k**5/10 + k**4/4 + k**3/3 - 4*k**2. Give u(h).
-3
Let f(w) = 7*w**2 + 5*w + 4. Let z(g) = 13*g**2 + 10*g + 7. Let m(o) = 11*f(o) - 6*z(o). Give m(-6).
-4
Let i(m) = -3. Let s(n) = -n - 4. Let k(w) = 5*i(w) - 4*s(w). Determine k(-4).
-15
Let p(r) = -3 + 6 + 2 + 0 - 13 - 5*r. Calcul